[INFO] cloning repository https://github.com/maxvinza/clibbix
[INFO] running `Command { std: "git" "-c" "credential.helper=" "-c" "credential.helper=/workspace/cargo-home/bin/git-credential-null" "clone" "--bare" "https://github.com/maxvinza/clibbix" "/workspace/cache/git-repos/https%3A%2F%2Fgithub.com%2Fmaxvinza%2Fclibbix", kill_on_drop: false }`
[INFO] [stderr] Cloning into bare repository '/workspace/cache/git-repos/https%3A%2F%2Fgithub.com%2Fmaxvinza%2Fclibbix'...
[INFO] running `Command { std: "git" "rev-parse" "HEAD", kill_on_drop: false }`
[INFO] [stdout] cf1694798921204394ba3bb9b968afc1758f4816
[INFO] checking maxvinza/clibbix against master#af3c6e733a40e671550e0f0f5aeecaa13772ba56 for pr-74989
[INFO] running `Command { std: "git" "clone" "/workspace/cache/git-repos/https%3A%2F%2Fgithub.com%2Fmaxvinza%2Fclibbix" "/workspace/builds/worker-3/source", kill_on_drop: false }`
[INFO] [stderr] Cloning into '/workspace/builds/worker-3/source'...
[INFO] [stderr] done.
[INFO] validating manifest of git repo https://github.com/maxvinza/clibbix on toolchain af3c6e733a40e671550e0f0f5aeecaa13772ba56
[INFO] running `Command { std: "/workspace/cargo-home/bin/cargo" "+af3c6e733a40e671550e0f0f5aeecaa13772ba56" "read-manifest" "--manifest-path" "Cargo.toml", kill_on_drop: false }`
[INFO] started tweaking git repo https://github.com/maxvinza/clibbix
[INFO] removed path dependency tsdb from git repo https://github.com/maxvinza/clibbix
[INFO] finished tweaking git repo https://github.com/maxvinza/clibbix
[INFO] tweaked toml for git repo https://github.com/maxvinza/clibbix written to /workspace/builds/worker-3/source/Cargo.toml
[INFO] crate git repo https://github.com/maxvinza/clibbix already has a lockfile, it will not be regenerated
[INFO] running `Command { std: "/workspace/cargo-home/bin/cargo" "+af3c6e733a40e671550e0f0f5aeecaa13772ba56" "fetch" "--locked" "--manifest-path" "Cargo.toml", kill_on_drop: false }`
[INFO] [stderr] warning: dependency (tsdb) specified without providing a local path, Git repository, or version to use. This will be considered an error in future versions
[INFO] [stderr]     Blocking waiting for file lock on package cache
[INFO] [stderr]     Updating crates.io index
[INFO] [stderr] error: the lock file /workspace/builds/worker-3/source/Cargo.lock needs to be updated but --locked was passed to prevent this
[INFO] [stderr] If you want to try to generate the lock file without accessing the network, use the --offline flag.
[INFO] the lockfile is outdated, regenerating it
[INFO] running `Command { std: "/workspace/cargo-home/bin/cargo" "+af3c6e733a40e671550e0f0f5aeecaa13772ba56" "generate-lockfile" "--manifest-path" "Cargo.toml" "-Zno-index-update", kill_on_drop: false }`
[INFO] running `Command { std: "/workspace/cargo-home/bin/cargo" "+af3c6e733a40e671550e0f0f5aeecaa13772ba56" "fetch" "--locked" "--manifest-path" "Cargo.toml", kill_on_drop: false }`
[INFO] [stderr] warning: dependency (tsdb) specified without providing a local path, Git repository, or version to use. This will be considered an error in future versions
[INFO] running `Command { std: "docker" "create" "-v" "/var/lib/crater-agent-workspace/builds/worker-3/target:/opt/rustwide/target:rw,Z" "-v" "/var/lib/crater-agent-workspace/builds/worker-3/source:/opt/rustwide/workdir:ro,Z" "-v" "/var/lib/crater-agent-workspace/cargo-home:/opt/rustwide/cargo-home:ro,Z" "-v" "/var/lib/crater-agent-workspace/rustup-home:/opt/rustwide/rustup-home:ro,Z" "-e" "SOURCE_DIR=/opt/rustwide/workdir" "-e" "CARGO_TARGET_DIR=/opt/rustwide/target" "-e" "CARGO_HOME=/opt/rustwide/cargo-home" "-e" "RUSTUP_HOME=/opt/rustwide/rustup-home" "-w" "/opt/rustwide/workdir" "-m" "1610612736" "--user" "0:0" "--network" "none" "rustops/crates-build-env@sha256:d92eaeed33fa75130ca1ee6c8a01d1ffb62bac859dfdfb3450e3e5d1c0146529" "/opt/rustwide/cargo-home/bin/cargo" "+af3c6e733a40e671550e0f0f5aeecaa13772ba56" "metadata" "--no-deps" "--format-version=1", kill_on_drop: false }`
[INFO] [stdout] fdb91b41bdfd0099f1ea93cba9ee507a627a4969683d11d612be141e1a9c1886
[INFO] [stderr] WARNING: Your kernel does not support swap limit capabilities or the cgroup is not mounted. Memory limited without swap.
[INFO] running `Command { std: "docker" "start" "-a" "fdb91b41bdfd0099f1ea93cba9ee507a627a4969683d11d612be141e1a9c1886", kill_on_drop: false }`
[INFO] running `Command { std: "docker" "inspect" "fdb91b41bdfd0099f1ea93cba9ee507a627a4969683d11d612be141e1a9c1886", kill_on_drop: false }`
[INFO] running `Command { std: "docker" "rm" "-f" "fdb91b41bdfd0099f1ea93cba9ee507a627a4969683d11d612be141e1a9c1886", kill_on_drop: false }`
[INFO] [stdout] fdb91b41bdfd0099f1ea93cba9ee507a627a4969683d11d612be141e1a9c1886
[INFO] running `Command { std: "docker" "create" "-v" "/var/lib/crater-agent-workspace/builds/worker-3/target:/opt/rustwide/target:rw,Z" "-v" "/var/lib/crater-agent-workspace/builds/worker-3/source:/opt/rustwide/workdir:ro,Z" "-v" "/var/lib/crater-agent-workspace/cargo-home:/opt/rustwide/cargo-home:ro,Z" "-v" "/var/lib/crater-agent-workspace/rustup-home:/opt/rustwide/rustup-home:ro,Z" "-e" "SOURCE_DIR=/opt/rustwide/workdir" "-e" "CARGO_TARGET_DIR=/opt/rustwide/target" "-e" "CARGO_INCREMENTAL=0" "-e" "RUST_BACKTRACE=full" "-e" "RUSTFLAGS=--cap-lints=forbid" "-e" "CARGO_HOME=/opt/rustwide/cargo-home" "-e" "RUSTUP_HOME=/opt/rustwide/rustup-home" "-w" "/opt/rustwide/workdir" "-m" "1610612736" "--user" "0:0" "--network" "none" "rustops/crates-build-env@sha256:d92eaeed33fa75130ca1ee6c8a01d1ffb62bac859dfdfb3450e3e5d1c0146529" "/opt/rustwide/cargo-home/bin/cargo" "+af3c6e733a40e671550e0f0f5aeecaa13772ba56" "check" "--frozen" "--all" "--all-targets" "--message-format=json", kill_on_drop: false }`
[INFO] [stdout] bb3dea497312ba87d841252757b075a6bf926c3b0347d69ca3382acea3f11191
[INFO] [stderr] WARNING: Your kernel does not support swap limit capabilities or the cgroup is not mounted. Memory limited without swap.
[INFO] running `Command { std: "docker" "start" "-a" "bb3dea497312ba87d841252757b075a6bf926c3b0347d69ca3382acea3f11191", kill_on_drop: false }`
[INFO] [stderr] warning: dependency (tsdb) specified without providing a local path, Git repository, or version to use. This will be considered an error in future versions
[INFO] [stderr]    Compiling libc v0.2.77
[INFO] [stderr]    Compiling syn v0.15.44
[INFO] [stderr]    Compiling ryu v1.0.5
[INFO] [stderr]     Checking itoa v0.4.6
[INFO] [stderr]     Checking tsdb v0.1.0
[INFO] [stderr]     Checking snmp v0.2.2
[INFO] [stderr]    Compiling num-traits v0.2.12
[INFO] [stderr]    Compiling num-integer v0.1.43
[INFO] [stderr]    Compiling quote v0.6.13
[INFO] [stderr]    Compiling syn v1.0.41
[INFO] [stderr]     Checking time v0.1.44
[INFO] [stderr]     Checking chrono v0.4.15
[INFO] [stderr]    Compiling error-rules v0.2.5
[INFO] [stderr]    Compiling serde_derive v1.0.116
[INFO] [stderr]     Checking serde v1.0.116
[INFO] [stderr]     Checking serde_json v1.0.57
[INFO] [stderr]     Checking clibbix v0.1.0 (/opt/rustwide/workdir)
[INFO] [stdout] error[E0432]: unresolved imports `tsdb::RRDB`, `tsdb::RRDBError`, `tsdb::Object`, `tsdb::Parameter`, `tsdb::ConfigActions`
[INFO] [stdout]   --> src/config.rs:18:5
[INFO] [stdout]    |
[INFO] [stdout] 18 |     RRDB,
[INFO] [stdout]    |     ^^^^ no `RRDB` in the root
[INFO] [stdout] 19 |     RRDBError,
[INFO] [stdout]    |     ^^^^^^^^^ no `RRDBError` in the root
[INFO] [stdout] 20 |     Object,
[INFO] [stdout]    |     ^^^^^^ no `Object` in the root
[INFO] [stdout] 21 |     Parameter,
[INFO] [stdout]    |     ^^^^^^^^^ no `Parameter` in the root
[INFO] [stdout] 22 |     ConfigActions,
[INFO] [stdout]    |     ^^^^^^^^^^^^^ no `ConfigActions` in the root
[INFO] [stdout] 
[INFO] [stdout] 
[INFO] [stdout] error[E0432]: unresolved imports `tsdb::RRDBError`, `tsdb::Report`, `tsdb::ReportData`, `tsdb::ReportId`
[INFO] [stdout]   --> src/snmp.rs:23:5
[INFO] [stdout]    |
[INFO] [stdout] 23 |     RRDBError,
[INFO] [stdout]    |     ^^^^^^^^^ no `RRDBError` in the root
[INFO] [stdout] 24 |     Report,
[INFO] [stdout]    |     ^^^^^^ no `Report` in the root
[INFO] [stdout] 25 |     ReportData,
[INFO] [stdout]    |     ^^^^^^^^^^ no `ReportData` in the root
[INFO] [stdout] 26 |     ReportId,
[INFO] [stdout]    |     ^^^^^^^^ no `ReportId` in the root
[INFO] [stdout] 
[INFO] [stdout] 
[INFO] [stdout] error[E0432]: unresolved imports `tsdb::RRDB`, `tsdb::RRDBError`, `tsdb::Report`, `tsdb::ReportId`, `tsdb::ReportData`
[INFO] [stdout]   --> src/output.rs:18:5
[INFO] [stdout]    |
[INFO] [stdout] 18 |     RRDB,
[INFO] [stdout]    |     ^^^^ no `RRDB` in the root
[INFO] [stdout] 19 |     RRDBError,
[INFO] [stdout]    |     ^^^^^^^^^ no `RRDBError` in the root
[INFO] [stdout] 20 |     Report,
[INFO] [stdout]    |     ^^^^^^ no `Report` in the root
[INFO] [stdout] 21 |     ReportId,
[INFO] [stdout]    |     ^^^^^^^^ no `ReportId` in the root
[INFO] [stdout] 22 |     ReportData,
[INFO] [stdout]    |     ^^^^^^^^^^ no `ReportData` in the root
[INFO] [stdout] 
[INFO] [stdout] 
[INFO] [stdout] error[E0432]: unresolved imports `tsdb::RRDB`, `tsdb::RRDBError`, `tsdb::Object`, `tsdb::Parameter`, `tsdb::ConfigActions`
[INFO] [stdout]   --> src/config.rs:18:5
[INFO] [stdout]    |
[INFO] [stdout] 18 |     RRDB,
[INFO] [stdout]    |     ^^^^ no `RRDB` in the root
[INFO] [stdout] 19 |     RRDBError,
[INFO] [stdout]    |     ^^^^^^^^^ no `RRDBError` in the root
[INFO] [stdout] 20 |     Object,
[INFO] [stdout]    |     ^^^^^^ no `Object` in the root
[INFO] [stdout] 21 |     Parameter,
[INFO] [stdout]    |     ^^^^^^^^^ no `Parameter` in the root
[INFO] [stdout] 22 |     ConfigActions,
[INFO] [stdout]    |     ^^^^^^^^^^^^^ no `ConfigActions` in the root
[INFO] [stdout] 
[INFO] [stdout] 
[INFO] [stdout] error[E0432]: unresolved imports `tsdb::RRDBError`, `tsdb::Report`, `tsdb::ReportData`, `tsdb::ReportId`
[INFO] [stdout]   --> src/snmp.rs:23:5
[INFO] [stdout]    |
[INFO] [stdout] 23 |     RRDBError,
[INFO] [stdout]    |     ^^^^^^^^^ no `RRDBError` in the root
[INFO] [stdout] 24 |     Report,
[INFO] [stdout]    |     ^^^^^^ no `Report` in the root
[INFO] [stdout] 25 |     ReportData,
[INFO] [stdout]    |     ^^^^^^^^^^ no `ReportData` in the root
[INFO] [stdout] 26 |     ReportId,
[INFO] [stdout]    |     ^^^^^^^^ no `ReportId` in the root
[INFO] [stdout] 
[INFO] [stdout] 
[INFO] [stdout] error[E0432]: unresolved imports `tsdb::RRDB`, `tsdb::RRDBError`, `tsdb::Report`, `tsdb::ReportId`, `tsdb::ReportData`
[INFO] [stdout]   --> src/output.rs:18:5
[INFO] [stdout]    |
[INFO] [stdout] 18 |     RRDB,
[INFO] [stdout]    |     ^^^^ no `RRDB` in the root
[INFO] [stdout] 19 |     RRDBError,
[INFO] [stdout]    |     ^^^^^^^^^ no `RRDBError` in the root
[INFO] [stdout] 20 |     Report,
[INFO] [stdout]    |     ^^^^^^ no `Report` in the root
[INFO] [stdout] 21 |     ReportId,
[INFO] [stdout]    |     ^^^^^^^^ no `ReportId` in the root
[INFO] [stdout] 22 |     ReportData,
[INFO] [stdout]    |     ^^^^^^^^^^ no `ReportData` in the root
[INFO] [stdout] 
[INFO] [stdout] 
[INFO] [stdout] error[E0271]: type mismatch resolving `<i64 as TryFrom<u64>>::Error == std::io::Error`
[INFO] [stdout]    --> src/output.rs:139:41
[INFO] [stdout]     |
[INFO] [stdout] 139 |     let time: i64 = unix_time.as_secs().try_into()?;
[INFO] [stdout]     |                                         ^^^^^^^^ expected struct `TryFromIntError`, found struct `std::io::Error`
[INFO] [stdout] 
[INFO] [stdout] 
[INFO] [stdout] error[E0271]: type mismatch resolving `<i64 as TryFrom<u64>>::Error == std::io::Error`
[INFO] [stdout]    --> src/output.rs:139:41
[INFO] [stdout]     |
[INFO] [stdout] 139 |     let time: i64 = unix_time.as_secs().try_into()?;
[INFO] [stdout]     |                                         ^^^^^^^^ expected struct `TryFromIntError`, found struct `std::io::Error`
[INFO] [stdout] 
[INFO] [stdout] 
[INFO] [stdout] error: aborting due to 4 previous errors
[INFO] [stdout] 
[INFO] [stdout] 
[INFO] [stdout] Some errors have detailed explanations: E0271, E0432.
[INFO] [stdout] 
[INFO] [stdout] For more information about an error, try `rustc --explain E0271`.
[INFO] [stdout] 
[INFO] [stdout] error: aborting due to 4 previous errors
[INFO] [stdout] 
[INFO] [stdout] 
[INFO] [stdout] Some errors have detailed explanations: E0271, E0432.
[INFO] [stdout] 
[INFO] [stdout] For more information about an error, try `rustc --explain E0271`.
[INFO] [stdout] 
[INFO] [stderr] error: could not compile `clibbix`.
[INFO] [stderr] 
[INFO] [stderr] To learn more, run the command again with --verbose.
[INFO] [stderr] warning: build failed, waiting for other jobs to finish...
[INFO] [stderr] error: build failed
[INFO] running `Command { std: "docker" "inspect" "bb3dea497312ba87d841252757b075a6bf926c3b0347d69ca3382acea3f11191", kill_on_drop: false }`
[INFO] running `Command { std: "docker" "rm" "-f" "bb3dea497312ba87d841252757b075a6bf926c3b0347d69ca3382acea3f11191", kill_on_drop: false }`
[INFO] [stdout] bb3dea497312ba87d841252757b075a6bf926c3b0347d69ca3382acea3f11191
